+ 4, 2*j - 3*j - 4*s + 432 = 0. Calculate the remainder when j is divided by 43.
41
Suppose 23*j - 41 - 787 = 0. Calculate the remainder when j is divided by 31.
5
Let h(z) = 136*z - 42. Calculate the remainder when h(3) is divided by 93.
87
Suppose -4*a - 2*w - 7 = -3, -10 = a + 5*w. Suppose 2*x - x - 48 = a. Suppose 4*s - x = 4*j, -s + 3 = 4*j + 11. Calculate the remainder when 30 is divided by s.
6
Let p(h) = -h - 10. Let g be p(-12). Suppose 2*u = 5*r - 7, -g*r = u + 2 - 3. What is the remainder when ((-10)/25)/(r/(-35)) is divided by 8?
6
Let v = 2849 - 2834. Calculate the remainder when 63 is divided by v.
3
Let u = -93 + 106. Calculate the remainder when 51 is divided by u.
12
Calculate the remainder when ((-8)/(-24))/((-3)/27) + 14 is divided by 5.
1
Suppose -2 + 14 = -2*v. Let l be -67 - (-5 + (-4 - v)). What is the remainder when (10/(-8))/(16/l) is divided by 2?
1
What is the remainder when 79 is divided by 0 + -2 + 8 + 31?
5
Let h(w) = 19*w**2 - 3*w + 13. Let y(f) = -f**2 + 14*f - 42. Let b be y(5). Calculate the remainder when h(b) is divided by 22.
21
Let l(p) = p**2 + 2*p - 3. Let d be l(-5). Let c = d + 10. Calculate the remainder when c is divided by 9/((-9)/(-4))*10/5.
6
Let b(v) = -v**2 + 2. Let k(r) = 2*r**2 - 2. Let z(m) = 5*b(m) + 4*k(m). Suppose -2 + 6 = 2*h, 3*d = h + 4. What is the remainder when 40 is divided by z(d)?
12
Suppose -24 = -4*z - 0. Suppose -5*v - z = -41. Calculate the remainder when v is divided by 2*(-1)/4*(7 + -13).
1
Let t(a) = a**3 + 15*a**2 + 18*a + 13. What is the remainder when t(-12) is divided by 33?
31
Let p(g) = -g**3 - 8*g**2 - 9*g + 14. Let n be p(-6). Let r = 10 - 1. What is the remainder when r is divided by 3/4 + (65/n)/(-5)?
1
Suppose -2*c - 1 + 31 = 0. Calculate the remainder when 298 is divided by c.
13
Let d = -45 + 75. Suppose 5*q = -3*r + 190, -5*r + 170 = 5*q - 6*r. Suppose -2*y + 5*w - q = -92, -w + 43 = 3*y. What is the remainder when d is divided by y?
14
Suppose -5*u = 15, b - 98 = u + 2*u. Suppose -b = -5*o + 2*m, -3*o + 7*o = -2*m + 82. Calculate the remainder when 55 is divided by o.
17
Suppose -7*c + 1196 = 6*c. Calculate the remainder when c is divided by 3.
2
Let t = 452 + -287. Let w(r) = r**2 + 7*r - 39. Let v be w(-11). Suppose 0 = v*z - 2*s - t + 5, s = 0. Calculate the remainder when z is divided by 9.
5
Calculate the remainder when 130 is divided by (2 + -3 + -21)/((-20)/40).
42
Suppose -4*o + 72 = -5*a, -2*o + o + 3*a + 25 = 0. Calculate the remainder when 450 is divided by o.
8
Suppose 0 = -86*c + 83747 + 49295. Calculate the remainder when c is divided by 141.
137
Let g(u) = 5*u**2 - 15*u + 26. What is the remainder when 216 is divided by g(2)?
8
Suppose 19 = o - 1. Suppose j = -j + o. What is the remainder when j is divided by 3?
1
Suppose -6*h - 80 = -h. Calculate the remainder when 4*(-4)/h + 130 is divided by 33.
32
Suppose 0 = -2*v - 5*z + 625, v = 2*z + 2*z + 332. What is the remainder when v is divided by 18?
14
Let a = -90 - -122. Let n = a + -15. Calculate the remainder when n is divided by 11.
6
Calculate the remainder when 12/(-7*(-7)/98) is divided by 6.
0
Let t = 55 - 1. Let k = 128 - -52. Suppose -5*y - 5*g = 75 - k, -y = 4*g - 27. Calculate the remainder when t is divided by y.
16
Calculate the remainder when (11/(-11))/(1 - (-540)/(-537)) is divided by 45.
44
Let k(a) = -a**3 + 6*a**2 + 7*a - 2. Let p be k(8). Let j = p - -83. What is the remainder when 62 is divided by j?
8
Suppose -9*d + 296 = 5*l - 6*d, -2*d = 3*l - 178. Calculate the remainder when l is divided by 22.
14
Suppose 4*d + 32 = -0. What is the remainder when 98 is divided by (-12)/d*50/3?
23
Calculate the remainder when ((-147)/(-28))/7*332/3 is divided by 15.
8
Suppose 0 = 3*t - 28 - 32. Let q(i) = 3*i**2 + 6*i + 7. Suppose 4*b = 2*f + 3*f - 4, 16 = -2*b - f. What is the remainder when q(b) is divided by t?
19
Let w(b) = -2*b + b + 10*b + 5 - 4*b. What is the remainder when w(4) is divided by 7?
4
Suppose 26 - 19 = f - 4*b, -5*f + 60 = 5*b. What is the remainder when f is divided by 4?
3
Suppose 23 - 8 = -5*l. What is the remainder when ((12/5)/l)/((-2)/60) is divided by 7?
3
Let d = 125 + -121. What is the remainder when 51 is divided by d?
3
Suppose -109*i - 160 = -105*i. What is the remainder when (-57)/(-38)*i/(-6) is divided by 3?
1
Let d(p) = 2*p**2 + 20*p + 11. Let z be d(-15). Suppose -z = -3*q - 29. Calculate the remainder when q is divided by 16.
12
Let z(t) be the second derivative of t**4/12 + 13*t**3/6 - 10*t**2 + 15*t. What is the remainder when 39 is divided by z(-15)?
9
Suppose 0*n = -5*f - 4*n + 121, 3*n = -2*f + 47. Calculate the remainder when -2 + (2 - 0 - -67) is divided by f.
17
Let x be (6/4)/((-6)/(-20)). Suppose x*s = 810 - 120. What is the remainder when s is divided by 35?
33
Let t = 384 + -326. What is the remainder when 226 is divided by t?
52
Suppose 1 = -f - 3. Let h = 44 + -48. Calculate the remainder when 35 + -2 - (h - f) is divided by 18.
15
Let p(j) = -j**3 - 5*j**2 - 4*j - 22. Calculate the remainder when p(-6) is divided by 14.
10
Let l(q) = -2*q**2 - 24*q + 8. Let y be 85/(-7) - (-11)/77. Let h = -3 + 25. Calculate the remainder when h is divided by l(y).
6
Let z = 2146 - 1754. What is the remainder when z is divided by 109?
65
Suppose 7*p - 44 = 33. What is the remainder when 141 is divided by p?
9
Suppose -107 = -3*m + 4*u, 0 = -2*m - 4*u - u + 102. Let n(g) = -g**3 + 8*g**2 + 4*g - 1. What is the remainder when n(4) is divided by m?
38
Suppose 0 = 4*f + 4, 4*g + f - 3*f - 254 = 0. Suppose 5*k + 0*h = 4*h + g, 5*k - h - 72 = 0. Suppose 17 = 3*t - 7. What is the remainder when k is divided by t?
7
Suppose -3*i + 54 = 12. Let w = 18 - i. Suppose -w + 0 = 2*n, 49 = 5*c - 2*n. What is the remainder when 35 is divided by c?
8
Suppose -2*t = i - 414, 1037 - 20 = 5*t - 2*i. Calculate the remainder when t is divided by 14.
9
Let r = 49 + -47. Suppose -28 = r*i - 6*i. What is the remainder when 38 is divided by i?
3
Suppose 0 = -s - s + 5*t - 10, -t - 11 = -3*s. Suppose 6*p - 10*p = -116. Calculate the remainder when 417/s + 4/(-10) is divided by p.
25
Suppose -18 = 3*g - 6*g. Suppose 0 = 2*t - 0 - g. Calculate the remainder when (160/(-30))/(2/(-3)) is divided by t.
2
Suppose 5*a + 19 = -w + 64, 102 = 3*w + 4*a. What is the remainder when w is divided by (-30 + -2)*6/(-12)?
14
Let p(i) = 2*i + 35. Let r = -57 - -57. Calculate the remainder when p(r) is divided by 18.
17
Let v(q) = -18*q - 16. Let c be v(9). Let j = 275 + c. What is the remainder when j is divided by 34?
29
Let q(m) = 18*m + 22. Let w be q(5). Suppose -8*s + s = -w. What is the remainder when 26 is divided by s?
10
Let h be (-4)/(-10) + (-17)/5. Let x(v) = v**3 + 3*v**2 - 3*v + 2. Calculate the remainder when 41 is divided by x(h).
8
Suppose 5*y + 5*j - 18 = 2, -4*j = -12. What is the remainder when 1/(2/6) - (-32)/32 is divided by y?
0
Suppose 0 = f + 6*f - 1001. Calculate the remainder when f is divided by 8.
7
Suppose -137 = 34*k - 35*k. Calculate the remainder when k is divided by 9.
2
Suppose 37 = -8*c + 245. What is the remainder when 464 is divided by c?
22
Let m(u) = u**3 + 6*u**2 - 8*u + 22. What is the remainder when 258 is divided by m(-7)?
26
Suppose -16*a + 5982 = -18626. What is the remainder when a is divided by 35?
33
Suppose -2*x + 70 = 4*f - 94, 4*x - 8 = 0. What is the remainder when 145 is divided by f?
25
Suppose 2*l = -8*k + 3*k + 56, -2*k + 182 = 5*l. Calculate the remainder when 146/((-4)/(-10) - 8/(-5)) is divided by l.
35
Let j(x) = 27*x - 9. Let z be j(-6). What is the remainder when 49 is divided by z/(-13) + (-42)/273?
10
Suppose 5*r = x + 4*r, x + 4*r = 25. Calculate the remainder when 24 is divided by ((-28)/(-10))/(2 - 8/x).
3
Suppose 4 = -z - 1, -w + 2*z = -30. Calculate the remainder when 212/w - (-6)/(-10) is divided by 7/1 - (1 - 0).
4
Let p(j) = -j**2 + 12*j - 7. Let s be p(10). Let m = 66 + s. Let z = -175 + 195. Calculate the remainder when m is divided by z.
19
Let d(n) be the first derivative of -7*n**2 + 19. Calculate the remainder when 98 is divided by d(-2).
14
Suppose -o - 2 = -2*o. What is the remainder when 4/(12/255) + -4 is divided by 16 + -1*(4 - o)?
11
Let z = 1127 + -871. Calculate the remainder when z is divided by 62.
8
Let 